{"id":92,"date":"2019-12-11T18:53:11","date_gmt":"2019-12-11T18:53:11","guid":{"rendered":"http:\/\/petra-urmann.de\/?page_id=92"},"modified":"2020-06-18T13:34:15","modified_gmt":"2020-06-18T13:34:15","slug":"edv-beratung","status":"publish","type":"page","link":"https:\/\/petra-urmann.eu\/?page_id=92","title":{"rendered":"EDV-Beratung"},"content":{"rendered":"<p>[et_pb_section fb_built=&#8220;1&#8243; _builder_version=&#8220;4.4.7&#8243; custom_padding=&#8220;37px|||||&#8220;][et_pb_row _builder_version=&#8220;4.4.7&#8243; min_height=&#8220;499px&#8220;][et_pb_column _builder_version=&#8220;4.4.7&#8243; type=&#8220;4_4&#8243;][et_pb_text _builder_version=&#8220;4.4.7&#8243; text_font_size=&#8220;17px&#8220; hover_enabled=&#8220;0&#8243;]<\/p>\n<h1>EDV-Beratung<\/h1>\n<p>&nbsp;<\/p>\n<p>Wir unterst\u00fctzen und beraten Sie kompetent und praxisnah. Wenn Sie oft das Gef\u00fchl haben, Ihr PC k\u00f6nnte Sie im Alltag noch mehr unterst\u00fctzen, fragen Sie uns! Wir helfen Ihnen, Ihre EDV noch effizienter einzusetzen!<\/p>\n<p>\u00a0Oder m\u00f6chten Sie:<\/p>\n<ul>\n<li>\u00a0Ihre Betriebsabl\u00e4ufe optimieren? I<\/li>\n<li>Ihr enormes Zahlenmaterial auswerten ohne gro\u00dfartig Programmierungen vornehmen zu lassen?<\/li>\n<li>Sich unabh\u00e4ngig beraten lassen?<\/li>\n<li>Oder einfach nur Beleg- und Informationsfl\u00fcsse verbessern?<\/li>\n<li>Zusatzfunktionen programmieren lassen?<\/li>\n<li>Masken, Berichte oder sonstige MS-Office Formulare anpassen?<\/li>\n<\/ul>\n<p>Sie fordern pers\u00f6nliche Betreuung&#8230; fachliche Neutralit\u00e4t&#8230; Erfahrungen in EDV-Einf\u00fchrung, Prozess- und Ablauforganisation&#8230;<\/p>\n<p>Fragen Sie doch einfach einmal bei uns an.<\/p>\n<p>[\/et_pb_text][\/et_pb_column][\/et_pb_row][et_pb_row _builder_version=&#8220;4.4.7&#8243;][et_pb_column _builder_version=&#8220;4.4.7&#8243; type=&#8220;4_4&#8243;][et_pb_image src=&#8220;http:\/\/petra-urmann.de\/wp-content\/uploads\/2020\/06\/office-1209640_1920.jpg&#8220; _builder_version=&#8220;4.4.7&#8243; title_text=&#8220;office-1209640_1920&#8243; hover_enabled=&#8220;0&#8243; custom_margin=&#8220;-26px|||||&#8220;][\/et_pb_image][\/et_pb_column][\/et_pb_row][\/et_pb_section]<\/p>\n","protected":false},"excerpt":{"rendered":"<p>[et_pb_section fb_built=&#8220;1&#8243; _builder_version=&#8220;4.4.7&#8243; custom_padding=&#8220;37px|||||&#8220;][et_pb_row _builder_version=&#8220;4.4.7&#8243; min_height=&#8220;499px&#8220;][et_pb_column _builder_version=&#8220;4.4.7&#8243; type=&#8220;4_4&#8243;][et_pb_text _builder_version=&#8220;4.4.7&#8243; text_font_size=&#8220;17px&#8220; hover_enabled=&#8220;0&#8243;] EDV-Beratung &nbsp; Wir unterst\u00fctzen und beraten Sie kompetent und praxisnah. Wenn Sie oft das Gef\u00fchl haben, Ihr PC k\u00f6nnte Sie im Alltag noch mehr unterst\u00fctzen, fragen Sie uns! Wir helfen Ihnen, Ihre EDV noch effizienter einzusetzen! \u00a0Oder m\u00f6chten Sie: \u00a0Ihre Betriebsabl\u00e4ufe optimieren? I Ihr [&hellip;]<\/p>\n","protected":false},"author":1,"featured_media":0,"parent":0,"menu_order":0,"comment_status":"closed","ping_status":"closed","template":"","meta":{"_et_pb_use_builder":"on","_et_pb_old_content":"","_et_gb_content_width":"","footnotes":""},"_links":{"self":[{"href":"https:\/\/petra-urmann.eu\/index.php?rest_route=\/wp\/v2\/pages\/92"}],"collection":[{"href":"https:\/\/petra-urmann.eu\/index.php?rest_route=\/wp\/v2\/pages"}],"about":[{"href":"https:\/\/petra-urmann.eu\/index.php?rest_route=\/wp\/v2\/types\/page"}],"author":[{"embeddable":true,"href":"https:\/\/petra-urmann.eu\/index.php?rest_route=\/wp\/v2\/users\/1"}],"replies":[{"embeddable":true,"href":"https:\/\/petra-urmann.eu\/index.php?rest_route=%2Fwp%2Fv2%2Fcomments&post=92"}],"version-history":[{"count":4,"href":"https:\/\/petra-urmann.eu\/index.php?rest_route=\/wp\/v2\/pages\/92\/revisions"}],"predecessor-version":[{"id":69465,"href":"https:\/\/petra-urmann.eu\/index.php?rest_route=\/wp\/v2\/pages\/92\/revisions\/69465"}],"wp:attachment":[{"href":"https:\/\/petra-urmann.eu\/index.php?rest_route=%2Fwp%2Fv2%2Fmedia&parent=92"}],"curies":[{"name":"wp","href":"https:\/\/api.w.org\/{rel}","templated":true}]}}